23
What are the prime factors of 2086378?
2, 7, 149027
What are the prime factors of 1128099?
3, 7, 53719
List the prime factors of 1667810.
2, 5, 166781
What are the prime factors of 109669?
7, 15667
What are the prime factors of 25400649?
3, 733, 11551
List the prime factors of 74827.
74827
List the prime factors of 1292244.
2, 3, 107687
What are the prime factors of 1680029?
13, 9941
List the prime factors of 11833676.
2, 2958419
List the prime factors of 17878781.
17, 83, 12671
List the prime factors of 84297.
3, 28099
What are the prime factors of 790548?
2, 3, 11, 53, 113
What are the prime factors of 202788?
2, 3, 43, 131
List the prime factors of 2695247.
1439, 1873
What are the prime factors of 672182?
2, 7, 19
What are the prime factors of 3449367?
3, 61, 103
What are the prime factors of 484502?
2, 157, 1543
What are the prime factors of 28651422?
2, 3, 23, 207619
What are the prime factors of 365679?
3, 41, 991
What are the prime factors of 5171627?
5171627
List the prime factors of 1499192.
2, 67, 2797
What are the prime factors of 100024?
2, 12503
What are the prime factors of 1795570?
2, 5, 7, 113, 227
What are the prime factors of 8966823?
3, 41, 72901
List the prime factors of 397977.
3, 53, 2503
List the prime factors of 1455890.
2, 5, 145589
What are the prime factors of 1273195?
5, 7, 11, 3307
List the prime factors of 1096923.
3, 365641
List the prime factors of 10253875.
5, 82031
What are the prime factors of 9630220?
2, 5, 191, 2521
List the prime factors of 1187955.
3, 5, 26399
What are the prime factors of 1603340?
2, 5, 80167
List the prime factors of 376316.
2, 94079
List the prime factors of 1199252.
2, 47, 6379
List the prime factors of 6405513.
3, 641, 3331
List the prime factors of 2219624.
2, 11, 2293
List the prime factors of 3493667.
3493667
What are the prime factors of 575452?
2, 293, 491
List the prime factors of 4423477.
131, 33767
List the prime factors of 1790554.
2, 895277
List the prime factors of 24572612.
2, 41, 269, 557
List the prime factors of 129842.
2, 64921
List the prime factors of 12396924.
2, 3, 37, 41, 227
What are the prime factors of 614398?
2, 97, 3167
List the prime factors of 9675497.
13, 101, 7369
What are the prime factors of 183463?
7, 26209
List the prime factors of 509175.
3, 5, 31, 73
What are the prime factors of 715070?
2, 5, 23, 3109
List the prime factors of 26104721.
37, 705533
List the prime factors of 4608107.
7, 157, 599
What are the prime factors of 918578?
2, 17, 27017
List the prime factors of 417331.
417331
List the prime factors of 1230072.
2, 3, 107, 479
What are the prime factors of 1457783?
1457783
What are the prime factors of 2845559?
37, 76907
What are the prime factors of 703467?
3, 78163
List the prime factors of 407776.
2, 12743
What are the prime factors of 15087052?
2, 1709, 2207
What are the prime factors of 152895?
3, 5, 10193
What are the prime factors of 6484487?
29, 31, 7213
What are the prime factors of 457948?
2, 114487
What are the prime factors of 133802?
2, 149, 449
List the prime factors of 4771087.
307, 15541
List the prime factors of 1365810.
2, 3, 5, 53, 859
What are the prime factors of 2411534?
2, 1205767
List the prime factors of 59869.
19, 23, 137
List the prime factors of 1941374.
2, 970687
What are the prime factors of 638703?
3, 13, 53, 103
What are the prime factors of 2285349?
3, 11, 23, 3011
What are the prime factors of 21140118?
2, 3, 1174451
What are the prime factors of 173014?
2, 19, 29, 157
What are the prime factors of 350568?
2, 3, 541
List the prime factors of 886244.
2, 17, 13033
What are the prime factors of 95956?
2, 7, 23, 149
List the prime factors of 8024901.
3, 17, 157351
What are the prime factors of 127048?
2, 15881
List the prime factors of 444041.
13, 34157
What are the prime factors of 1893033?
3, 29, 7253
What are the prime factors of 7989454?
2, 11, 363157
What are the prime factors of 1256748?
2, 3, 104729
List the prime factors of 30529603.
13, 17, 138143
List the prime factors of 319212.
2, 3, 8867
What are the prime factors of 12183933?
3, 79, 101, 509
List the prime factors of 463061.
53, 8737
List the prime factors of 301889.
7, 61, 101
What are the prime factors of 2459841?
3, 149, 5503
What are the prime factors of 476828?
2, 11, 10837
List the prime factors of 13267573.
11, 23, 229
List the prime factors of 377877.
3, 125959
What are the prime factors of 1636433?
41, 167, 239
What are the prime factors of 14050018?
2, 73, 96233
What are the prime factors of 496521?
3, 43, 1283
What are the prime factors of 20371335?
3, 5, 79, 17191
What are the prime factors of 120369?
3, 40123
What are the prime factors of 2130326?
2, 11, 8803
List the prime factors of 34007570.
2, 5, 23, 147859
List the prime factors of 398041.
7, 101, 563
What are the prime factors of 114248?
2, 14281
What are the prime factors of 259996?
2, 11, 19, 311
List the prime factors of 37146687.
3, 12382229
List the prime factors of 8495987.
401, 21187
List the prime factors of 358672.
2, 29, 773
What are the prime factors of 521578?
2, 251, 1039
List the prime factors of 59489.
19, 31, 101
List the prime factors of 709504.
2, 23, 241
What are the prime factors of 6840255?
3, 5, 593, 769
List the prime factors of 508988.
2, 127247
What are the prime factors of 1064038?
2, 19, 28001
What are the prime factors of 811985?
5, 251, 647
List the prime factors of 1802681.
31, 58151
What are the prime factors of 250780?
2, 5, 12539
What are the prime factors of 23816599?
23816599
List the prime factors of 36883.
7, 11, 479
List the prime factors of 102969.
3, 17, 673
What are the prime factors of 2023348?
2, 19, 79, 337
List the prime factors of 52700.
2, 5, 17, 31
List the prime factors of 375871.
409, 919
What are the prime factors of 445079?
181, 2459
What are the prime factors of 2845171?
7, 17, 23909
What are the prime factors of 829422?
2, 3, 11, 59, 71
List the prime factors of 12274900.
2, 5, 11, 11159
What are the prime factors of 2958459?
3, 7, 17, 8287
List the prime factors of 13698793.
109, 1153
List the prime factors of 111159.
3, 23, 179
What are the prime factors of 1985776?
2, 13, 9547
List the prime factors of 227422.
2, 13, 8747
List the prime factors of 180749.
180749
List the prime factors of 1959946.
2, 149, 6577
List the prime factors of 17843567.
7, 2549081
What are the prime factors of 13064099?
367, 35597
What are the prime factors of 383746?
2, 11, 17443
List the prime factors of 470276.
2, 89, 1321
What are the prime factors of 1905827?
7, 11, 53, 467
What are the prime factors of 899323?
23, 61, 641
What are the prime factors of 9119459?
83, 109873
List the prime factors of 7034260.
2, 5, 17, 1217
What are the prime factors of 6544494?
2, 3, 11, 33053
List the prime factors of 39638.
2, 19819
List the prime factors of 986608.
2, 7, 23, 383
What are the prime factors of 9297?
3, 1033
List the prime factors of 8348375.
5, 7, 29, 47
What are the prime factors of 4754874?
2, 3, 792479
List the prime factors of 6362657.
7, 31, 109, 269
List the prime factors of 1335011.
97, 13763
What are the prime factors of 390116?
2, 17, 5737
List the prime factors of 82229.
7, 17, 691
List the prime factors of 19376790.
2, 3, 5, 645893
What are the prime factors of 4277091?
3, 7, 13, 15667
What are the prime factors of 25105330?
2, 5, 2510533
List the prime factors of 114029.
101, 1129
What are the prime factors of 14474854?
2, 17, 79, 317
What are the prime factors of 1424270?
2, 5, 142427
List the prime factors of 2142460.
2, 5, 107123
What are the prime factors of 32066949?
3, 43, 331, 751
List the prime factors of 27111583.
17, 293, 5443
List the prime factors of 19790699.
19790699
What are the prime factors of 105117?
3, 37, 947
What are the prime factors of 695160?
2, 3, 5, 1931
What are the prime factors of 1194171?
3, 11, 36187
List the prime factors of 179195.
5, 35839
List the prime factors of 384912.
2, 3, 11
List the prime factors of 645739.
645739
List the prime factors of 58218.
2, 3, 31, 313
What are the prime factors of 548448?
2, 3, 29, 197
List the prime factors of 30224493.
3, 13, 258329
List the prime factors of 323983.
11, 29453
What are the prime factors of 25317933?
3, 73, 193, 599
List the prime factors of 